{"id":7736,"date":"2024-04-09T14:57:44","date_gmt":"2024-04-09T13:57:44","guid":{"rendered":"https:\/\/juz-boehl-iggelheim.de\/?page_id=7736"},"modified":"2024-04-09T14:57:44","modified_gmt":"2024-04-09T13:57:44","slug":"zahlungsbestaetigungen-fuer-ferienprogramm-usw","status":"publish","type":"page","link":"https:\/\/juz-boehl-iggelheim.de\/?page_id=7736","title":{"rendered":"Zahlungsbest\u00e4tigungen f\u00fcr Ferienprogramm usw."},"content":{"rendered":"<p>Liebe Eltern,<\/p>\n<p>wir verschicken aus organisatorischen Gr\u00fcnden <em><strong>keine Zahlungseingangsbest\u00e4tigungen<\/strong><\/em> (z.B. f\u00fcr die Teilnehmergeb\u00fchr f\u00fcrs Ferienprogramm).<\/p>\n<p><strong>ABER<\/strong>: unsere lieben <strong><em>Kollegen von der Kasse<\/em><\/strong> pflegen die eingegangenen Zahlungen<em><strong> immer ziemlich z\u00fcgig<\/strong><\/em> in unser Verwaltungssystem ein; und das Ergebnis sehen Sie im Screenshot.<\/p>\n<p>Nach dem Login ins Veranstaltungsportal sehen Sie in der Spalte GEB\u00dcHR die Kosten f\u00fcr die jeweilige Veranstaltung und direkt darunter WANN der Betrag im System verbucht worden ist:<\/p>\n<p>&nbsp;<\/p>\n<p><a href=\"https:\/\/juz-boehl-iggelheim.de\/wp-content\/uploads\/2024\/04\/Screenshot-2024-04-09-152015-den-Bezahltstatus-im-Nupian-sehen-e1712670960995.png\"><img fetchpriority=\"high\" decoding=\"async\" class=\" wp-image-7735 aligncenter\" src=\"https:\/\/juz-boehl-iggelheim.de\/wp-content\/uploads\/2024\/04\/Screenshot-2024-04-09-152015-den-Bezahltstatus-im-Nupian-sehen-e1712670960995.png\" alt=\"\" width=\"1291\" height=\"283\" srcset=\"https:\/\/juz-boehl-iggelheim.de\/wp-content\/uploads\/2024\/04\/Screenshot-2024-04-09-152015-den-Bezahltstatus-im-Nupian-sehen-e1712670960995.png 1003w, https:\/\/juz-boehl-iggelheim.de\/wp-content\/uploads\/2024\/04\/Screenshot-2024-04-09-152015-den-Bezahltstatus-im-Nupian-sehen-e1712670960995-300x66.png 300w, https:\/\/juz-boehl-iggelheim.de\/wp-content\/uploads\/2024\/04\/Screenshot-2024-04-09-152015-den-Bezahltstatus-im-Nupian-sehen-e1712670960995-768x168.png 768w, https:\/\/juz-boehl-iggelheim.de\/wp-content\/uploads\/2024\/04\/Screenshot-2024-04-09-152015-den-Bezahltstatus-im-Nupian-sehen-e1712670960995-676x148.png 676w\" sizes=\"(max-width: 1291px) 100vw, 1291px\" \/><\/a><\/p>\n<p>&nbsp;<\/p>\n<p><em><strong>Deshalb<\/strong><\/em>:<\/p>\n<p>&#8211; Teilnahmebedingungen (f\u00fcr&#8217;s Ferienprogramm) aufmerksam lesen,<\/p>\n<p>&#8211; Fristen einhalten (Tip: Kalender-App auf dem Handy und Erinnerungen&#8230;)<\/p>\n<p>&#8211; und einige Tage Bearbeitungszeit einrechnen<\/p>\n<p>&nbsp;<\/p>\n<p>&nbsp;<\/p>\n<p>&nbsp;<\/p>\n<p>&nbsp;<\/p>\n<p>&nbsp;<\/p>\n<p>&nbsp;<\/p>\n","protected":false},"excerpt":{"rendered":"<p>Liebe Eltern, wir verschicken aus organisatorischen Gr\u00fcnden keine Zahlungseingangsbest\u00e4tigungen (z.B. f\u00fcr die Teilnehmergeb\u00fchr f\u00fcrs Ferienprogramm). ABER: unsere lieben Kollegen von der Kasse pflegen die eingegangenen Zahlungen immer ziemlich z\u00fcgig in unser Verwaltungssystem ein; und das Ergebnis sehen Sie im Screenshot. Nach dem Login ins Veranstaltungsportal sehen Sie in der Spalte GEB\u00dcHR die Kosten f\u00fcr die [&hellip;]<\/p>\n","protected":false},"author":1,"featured_media":0,"parent":0,"menu_order":0,"comment_status":"closed","ping_status":"closed","template":"","meta":{"_crdt_document":"","ngg_post_thumbnail":0,"footnotes":""},"class_list":["post-7736","page","type-page","status-publish","hentry","post-preview"],"_links":{"self":[{"href":"https:\/\/juz-boehl-iggelheim.de\/index.php?rest_route=\/wp\/v2\/pages\/7736","targetHints":{"allow":["GET"]}}],"collection":[{"href":"https:\/\/juz-boehl-iggelheim.de\/index.php?rest_route=\/wp\/v2\/pages"}],"about":[{"href":"https:\/\/juz-boehl-iggelheim.de\/index.php?rest_route=\/wp\/v2\/types\/page"}],"author":[{"embeddable":true,"href":"https:\/\/juz-boehl-iggelheim.de\/index.php?rest_route=\/wp\/v2\/users\/1"}],"replies":[{"embeddable":true,"href":"https:\/\/juz-boehl-iggelheim.de\/index.php?rest_route=%2Fwp%2Fv2%2Fcomments&post=7736"}],"version-history":[{"count":8,"href":"https:\/\/juz-boehl-iggelheim.de\/index.php?rest_route=\/wp\/v2\/pages\/7736\/revisions"}],"predecessor-version":[{"id":7744,"href":"https:\/\/juz-boehl-iggelheim.de\/index.php?rest_route=\/wp\/v2\/pages\/7736\/revisions\/7744"}],"wp:attachment":[{"href":"https:\/\/juz-boehl-iggelheim.de\/index.php?rest_route=%2Fwp%2Fv2%2Fmedia&parent=7736"}],"curies":[{"name":"wp","href":"https:\/\/api.w.org\/{rel}","templated":true}]}}