{"id":8272,"date":"2026-03-04T14:42:45","date_gmt":"2026-03-04T13:42:45","guid":{"rendered":"https:\/\/juz-boehl-iggelheim.de\/?page_id=8272"},"modified":"2026-03-04T14:42:45","modified_gmt":"2026-03-04T13:42:45","slug":"anmeldung-zum-tagesausflug-in-die-experimenta-am-3-8-2026","status":"publish","type":"page","link":"https:\/\/juz-boehl-iggelheim.de\/?page_id=8272","title":{"rendered":"Anmeldung zum Tagesausflug in die experimenta am 3.8.2026"},"content":{"rendered":"<p>Liebe Eltern,<\/p>\n<p>f\u00fcr den Ausflug zur experimenta am 3. August 2026 haben wir im Bus noch ein paar Sitzpl\u00e4tze frei:<\/p>\n<ul>\n<li>Es k\u00f6nnen maximal 20 Personen (Eltern mit ihren Kindern) mitkommen.\n<ul>\n<li>Mindestalter: 6 Jahre<\/li>\n<\/ul>\n<\/li>\n<li><strong>Pro Person (Kinder und Eltern) sind 15\u20ac<\/strong> zu bezahlen: darin sind die Busfahrt und der Eintritt enthalten.<\/li>\n<li>Sie und Ihre Kinder fahren mit unserer gro\u00dfen Gruppe hin zur experimenta und wieder zur\u00fcck zum JUZ.<\/li>\n<li>In der experimenta sind Sie mit Ihrem Kind dann unabh\u00e4ngig von unserer Gruppe unterwegs.<\/li>\n<li>F\u00fcr Ihre <strong>Verpflegung m\u00fcssen Sie selbst sorgen<\/strong>.<\/li>\n<\/ul>\n<p>&nbsp;<\/p>\n<p><strong><em><u>Wie melden Sie sich an?:<\/u><\/em><\/strong><\/p>\n<p>Sie registrieren sich im Portal unter <a href=\"https:\/\/www.unser-ferienprogramm.de\/boehl-iggelheim\/index.php\">https:\/\/www.unser-ferienprogramm.de\/boehl-iggelheim\/index.php<\/a><\/p>\n<ul>\n<li>Dann <strong>melden Sie sowohl sich selbst als auch Ihre Kinder <\/strong>f\u00fcr den Experimenta-Tag an!\n<ul>\n<li>Anmeldeschluss: 12. Juni<\/li>\n<\/ul>\n<\/li>\n<li>Sie zahlen\n<ul>\n<li>die Geb\u00fchr i.H.v. 15\u20ac pro Person<\/li>\n<li>bis sp\u00e4testens 14. Juni auf folgendes Konto:<\/li>\n<li>Verwendungszweck: &#8220;experimenta 26&#8221; und den &#8220;Vor- und Nachnamen des Kindes\/der Kinder&#8221; an:<\/li>\n<\/ul>\n<\/li>\n<\/ul>\n<p>Gemeinde B\u00f6hl-Iggelheim<br \/>\nSparkasse Vorderpfalz<br \/>\nIBAN: DE25 5455 0010 0000 5001 73<br \/>\nBIC: LUHSDE6AXXX<\/p>\n<ul>\n<li style=\"list-style-type: none;\">\n<ul>\n<li><strong>Eine Teilnahme ist nur m\u00f6glich nach p\u00fcnktlicher Zahlung!!<\/strong><\/li>\n<\/ul>\n<\/li>\n<li>Kostenlose Stornierungen sind bis 25. Juni m\u00f6glich.<\/li>\n<li>Stornierungen und R\u00fcckfragen bitte an: <a href=\"https:\/\/www.unser-ferienprogramm.de\/boehl-iggelheim\/index.php\">ferienprogramm@juz-boehl-iggelheim.de<\/a><\/li>\n<\/ul>\n<p>&nbsp;<\/p>\n<p><strong><em><u>Treffpunkt &amp; Abfahrt ist\u2026.<\/u><\/em><\/strong><\/p>\n<ul>\n<li>Am 3. August &#8217;26<\/li>\n<li>Vor dem Kinder- und Jugendzentrum,&nbsp; Am Holzweg 1, 67459 B\u00f6hl-Iggelheim<\/li>\n<li><strong>Abfahrt ist um 8 Uhr!<\/strong><\/li>\n<li>Wir sind gegen 18 Uhr wieder zur\u00fcck am JUZ<\/li>\n<\/ul>\n","protected":false},"excerpt":{"rendered":"<p>Liebe Eltern, f\u00fcr den Ausflug zur experimenta am 3. August 2026 haben wir im Bus noch ein paar Sitzpl\u00e4tze frei: Es k\u00f6nnen maximal 20 Personen (Eltern mit ihren Kindern) mitkommen. Mindestalter: 6 Jahre Pro Person (Kinder und Eltern) sind 15\u20ac zu bezahlen: darin sind die Busfahrt und der Eintritt enthalten. Sie und Ihre Kinder fahren [&hellip;]<\/p>\n","protected":false},"author":1,"featured_media":0,"parent":0,"menu_order":0,"comment_status":"closed","ping_status":"closed","template":"","meta":{"_crdt_document":"","ngg_post_thumbnail":0,"footnotes":""},"class_list":["post-8272","page","type-page","status-publish","hentry","post-preview"],"_links":{"self":[{"href":"https:\/\/juz-boehl-iggelheim.de\/index.php?rest_route=\/wp\/v2\/pages\/8272","targetHints":{"allow":["GET"]}}],"collection":[{"href":"https:\/\/juz-boehl-iggelheim.de\/index.php?rest_route=\/wp\/v2\/pages"}],"about":[{"href":"https:\/\/juz-boehl-iggelheim.de\/index.php?rest_route=\/wp\/v2\/types\/page"}],"author":[{"embeddable":true,"href":"https:\/\/juz-boehl-iggelheim.de\/index.php?rest_route=\/wp\/v2\/users\/1"}],"replies":[{"embeddable":true,"href":"https:\/\/juz-boehl-iggelheim.de\/index.php?rest_route=%2Fwp%2Fv2%2Fcomments&post=8272"}],"version-history":[{"count":7,"href":"https:\/\/juz-boehl-iggelheim.de\/index.php?rest_route=\/wp\/v2\/pages\/8272\/revisions"}],"predecessor-version":[{"id":8287,"href":"https:\/\/juz-boehl-iggelheim.de\/index.php?rest_route=\/wp\/v2\/pages\/8272\/revisions\/8287"}],"wp:attachment":[{"href":"https:\/\/juz-boehl-iggelheim.de\/index.php?rest_route=%2Fwp%2Fv2%2Fmedia&parent=8272"}],"curies":[{"name":"wp","href":"https:\/\/api.w.org\/{rel}","templated":true}]}}

<p>Liebe Eltern,</p>
<p>für den Ausflug zur experimenta am 3. August 2026 haben wir im Bus noch ein paar Sitzplätze frei:</p>
<ul>
<li>Es können maximal 20 Personen (Eltern mit ihren Kindern) mitkommen.
<ul>
<li>Mindestalter: 6 Jahre</li>
</ul>
</li>
<li><strong>Pro Person (Kinder und Eltern) sind 15€</strong> zu bezahlen: darin sind die Busfahrt und der Eintritt enthalten.</li>
<li>Sie und Ihre Kinder fahren mit unserer großen Gruppe hin zur experimenta und wieder zurück zum JUZ.</li>
<li>In der experimenta sind Sie mit Ihrem Kind dann unabhängig von unserer Gruppe unterwegs.</li>
<li>Für Ihre <strong>Verpflegung müssen Sie selbst sorgen</strong>.</li>
</ul>
<p>&nbsp;</p>
<p><strong><em><u>Wie melden Sie sich an?:</u></em></strong></p>
<p>Sie registrieren sich im Portal unter <a href="https://www.unser-ferienprogramm.de/boehl-iggelheim/index.php">https://www.unser-ferienprogramm.de/boehl-iggelheim/index.php</a></p>
<ul>
<li>Dann <strong>melden Sie sowohl sich selbst als auch Ihre Kinder </strong>für den Experimenta-Tag an!
<ul>
<li>Anmeldeschluss: 12. Juni</li>
</ul>
</li>
<li>Sie zahlen
<ul>
<li>die Gebühr i.H.v. 15€ pro Person</li>
<li>bis spätestens 14. Juni auf folgendes Konto:</li>
<li>Verwendungszweck: &#8220;experimenta 26&#8221; und den &#8220;Vor- und Nachnamen des Kindes/der Kinder&#8221; an:</li>
</ul>
</li>
</ul>
<p>Gemeinde Böhl-Iggelheim<br />
Sparkasse Vorderpfalz<br />
IBAN: DE25 5455 0010 0000 5001 73<br />
BIC: LUHSDE6AXXX</p>
<ul>
<li style="list-style-type: none;">
<ul>
<li><strong>Eine Teilnahme ist nur möglich nach pünktlicher Zahlung!!</strong></li>
</ul>
</li>
<li>Kostenlose Stornierungen sind bis 25. Juni möglich.</li>
<li>Stornierungen und Rückfragen bitte an: <a href="https://www.unser-ferienprogramm.de/boehl-iggelheim/index.php">ferienprogramm@juz-boehl-iggelheim.de</a></li>
</ul>
<p>&nbsp;</p>
<p><strong><em><u>Treffpunkt &amp; Abfahrt ist….</u></em></strong></p>
<ul>
<li>Am 3. August &#8217;26</li>
<li>Vor dem Kinder- und Jugendzentrum,&nbsp; Am Holzweg 1, 67459 Böhl-Iggelheim</li>
<li><strong>Abfahrt ist um 8 Uhr!</strong></li>
<li>Wir sind gegen 18 Uhr wieder zurück am JUZ</li>
</ul>

<p>Liebe Eltern, für den Ausflug zur experimenta am 3. August 2026 haben wir im Bus noch ein paar Sitzplätze frei: Es können maximal 20 Personen (Eltern mit ihren Kindern) mitkommen. Mindestalter: 6 Jahre Pro Person (Kinder und Eltern) sind 15€ zu bezahlen: darin sind die Busfahrt und der Eintritt enthalten. Sie und Ihre Kinder fahren [&hellip;]</p>
